et h = n - a. What are the prime factors of h?
2, 5
Suppose 0 = -0*i + 5*i - 10. Let u = 22 - i. Suppose -u = l - 2*l. What are the prime factors of l?
2, 5
Let f(b) = 2*b**3 - 4*b**2 + 2*b. Let a be f(2). Suppose 5*g - 28 - 24 = -3*x, -a*x + 46 = 2*g. What are the prime factors of x?
3
Suppose -9 = -2*z + 1. Suppose 6 = f + 4*w - z, 0 = 5*f + 4*w - 55. List the prime factors of f.
11
Suppose 10*r - 15*r + 625 = 0. List the prime factors of r.
5
Suppose j = -3*s - 3, 0 = j + s - 2 + 3. Suppose j*f = f - 40. What are the prime factors of f?
2, 5
Let k = 46 + -26. What are the prime factors of k?
2, 5
Suppose 5*u - 502 = 723. What are the prime factors of 1/(-6) - u/(-30)?
2
Suppose -3*x + 9 = c, 5*c + x - 6*x - 5 = 0. Suppose 3*k - r - 88 = -2*k, -2*k = c*r - 42. List the prime factors of k.
2, 3
Suppose -9*h - 12 = -5*h. List the prime factors of (h/(-6))/(1/6).
3
Suppose 3*n = x + 68 - 201, 0 = -4*n - 8. What are the prime factors of x?
127
Let t(d) = -d**2 + 6*d - 3. Let b be t(4). Let p(i) = -i**2 + 5*i + 5. What are the prime factors of p(b)?
5
Suppose 4 = 2*x, -2*s = x - 3*x - 48. Let o = s - 11. List the prime factors of o.
3, 5
Let v(c) = 4*c**2 - 2*c - 1. Let q be v(2). Suppose 2*t = t + q. List the prime factors of t.
11
List the prime factors of 4/12 + 1324/6 + -4.
7, 31
Suppose 16*u - 555 = 11*u. Suppose u = 2*n + 3*t, 2*t - 7*t + 5 = 0. List the prime factors of n.
2, 3
Suppose -360 = -6*f + 3*f - 3*w, -4*w = -4*f + 456. What are the prime factors of f?
3, 13
Let i = 9 - 5. Let p be (3/2)/(3/i). Suppose 3*j + 4*y - 29 = 0, j = p*y + 3*y - 22. What are the prime factors of j?
3
Let g(j) = -j**3 - j**2 - j + 3. Let x be g(0). Suppose -22 = h + 2*s, -4*s + 2*s = -x*h - 26. Let z = h - -27. What are the prime factors of z?
3, 5
Let k be -2*(-3 - -3 - 1). Suppose -2*v = k*v - 8. What are the prime factors of v?
2
What are the prime factors of 182/21 + 6/(-9)?
2
Let j be (10/6)/((-4)/(-72)). Suppose 0 = 3*n + 2*n + j. What are the prime factors of n/(-24) - (-94)/8?
2, 3
Let z = 68 - -29. Suppose -5*d - 47 + 164 = -3*o, -5*d - 2*o = -z. List the prime factors of d.
3, 7
Let d = 72 + 1. What are the prime factors of d?
73
Suppose -2*x = -p - 4*p + 2, -x = -4. Let r = 4 + p. List the prime factors of r.
2, 3
Suppose 0 = -2*w + 659 - 153. List the prime factors of w.
11, 23
Let w = 2 + 3. Suppose 0 = -3*h - 2*g + 4, -2*h - g = -2*g - w. Suppose 0 = h*p - 6. What are the prime factors of p?
3
Suppose -3*n = n - 24. Let f = -45 - -57. Let q = f - n. List the prime factors of q.
2, 3
Let z(o) = -6*o + 12. Suppose -g = 3*a + g + 17, 5 = -5*g. List the prime factors of z(a).
2, 3, 7
Let v(f) = 2*f**2 - f + 6. List the prime factors of v(7).
97
Let r(o) = -4*o + o**3 - 6*o**2 + 2*o**2 - 3 + 14*o**2 - 6*o**2. Let s be (2/(-4))/((-2)/(-16)). What are the prime factors of r(s)?
13
Let r = -10 - -39. What are the prime factors of r?
29
Let c = 9 + -27. Let x be c/((-108)/(-57) + -2). What are the prime factors of 6/(-15) + x/15?
11
Let d = -8 + 12. Suppose 0 = -d*f + f + 18. Suppose -4*b = -f*b + 16. What are the prime factors of b?
2
Suppose -l - 2*q = -2*l - 1, -3*l = 5*q - 19. List the prime factors of l.
3
Let u(y) = 5*y - 4. Let x be u(4). Let n = x + -10. What are the prime factors of 2*n*(-4)/(-8)?
2, 3
Let k(l) = l**2 + 7*l + 5. Suppose 0 = t + 1, -4*x - 3*t = -4*t + 39. What are the prime factors of k(x)?
5, 7
Let u be -22 - (1 - (-8)/(-4)). Let q = u + 34. What are the prime factors of q?
13
Suppose -g - d + 5*d = -290, 5*d + 884 = 3*g. List the prime factors of g.
2, 149
Suppose -5*s - 48 = -j, 2*s - 3*s + 344 = 5*j. List the prime factors of j.
2, 17
Let b(a) = 38*a**2 + a - 1. Let p be b(1). Suppose -p - 14 = -4*t. What are the prime factors of t?
13
Suppose 3*x + 4 = -4*q, 0*x + q + 3 = -x. What are the prime factors of (-210)/x - (-4)/(-16)?
2, 13
Let t(b) = b**2 - 13*b - 15. List the prime factors of t(15).
3, 5
Let u = -14 - -10. Let s be 2/8 + (-7)/u. List the prime factors of ((-3)/s)/((-9)/60).
2, 5
What are the prime factors of 7095/65 - 2/13?
109
Let z(p) = -p**3 + 9*p**2 - 9*p + 10. Let u be z(8). Let r = 20 - u. What are the prime factors of r?
2, 3
Suppose -4*h = -5*y + 79, 3*y + 3*h - 27 = 42. List the prime factors of y.
19
Let z be 1 - -2 - 1*-1. Let a be 516/18 - z/6. Suppose 3*d + 3*c - a = 7*c, -d - 8 = 3*c. List the prime factors of d.
2
Let b = 17 - 14. Suppose -22 = -5*r + b. What are the prime factors of r?
5
Let c(h) be the first derivative of h**3/3 - h**2 + 2*h - 4. Suppose 0 = 3*v - 1 - 5. List the prime factors of c(v).
2
Let g = -35 - -21. Let r = 21 + g. List the prime factors of r.
7
List the prime factors of 424/6 + -4*(-5)/(-30).
2, 5, 7
What are the prime factors of (2/(-2))/((24/(-436))/6)?
109
Suppose 4*h + 280 = 9*h. What are the prime factors of h?
2, 7
Let b = 4 - 10. Let p = b + 13. What are the prime factors of p?
7
Suppose -5*i + 50 = g, 5*g - 38 + 8 = -5*i. Let m = i - -1. List the prime factors of m.
2, 3
Let a(n) = 0 + 4 - 4 - 4*n. Let s be a(-1). Suppose -s*f - f = -15. List the prime factors of f.
3
Let a(b) be the first derivative of 8*b - 7/2*b**2 - 1/3*b**3 + 1. What are the prime factors of a(-6)?
2, 7
Suppose -2*p = 0, 2*p = -4*o - 2*p. Suppose o = 20*a - 21*a + 23. What are the prime factors of a?
23
Let p = 51 + -25. List the prime factors of p.
2, 13
Suppose -4*a - 166 = -4*o + 270, 5*a = -2*o + 190. What are the prime factors of o?
3, 5, 7
Let b(f) = -f**3 - f**2 - 2*f - 4. What are the prime factors of b(-3)?
2, 5
What are the prime factors of (-718)/(-14) + (-4)/14?
3, 17
Let t(w) = -5*w**3 + w**2 - 2. Let h be t(2). Let j = h + 56. What are the prime factors of j?
2, 3
Suppose -s - 3*s = 0. Suppose 2*n - n = s. Suppose -2*w + 24 = -n*w. List the prime factors of w.
2, 3
What are the prime factors of (-1)/((-3)/192) - -3?
67
Let h = -1 + 2. Let g = h - -1. Suppose -18 = -2*n + g*i, 3*n - 6*n + 51 = 5*i. What are the prime factors of n?
2, 3
Let n(a) = -2 + 4 + a + 1. Let g be n(0). What are the prime factors of (-1)/3 - (-37)/g?
2, 3
Suppose -8*h + 57 = -63. List the prime factors of h.
3, 5
Let w be 3*6/(-9) + 47. Let m = -23 + w. List the prime factors of m.
2, 11
Let v(y) = y + 4. Let n be v(0). Let c be ((-3)/n)/(1/4). List the prime factors of (3 - 5 - c) + 3.
2
List the prime factors of (-2384)/(-32)*2/1.
149
Let f be (-1)/(-3) + (-35)/15. Let q = 0 - f. List the prime factors of q.
2
Let m(t) = 3*t + 8. List the prime factors of m(4).
2, 5
Let p(m) = m**3 + 4*m**2 - 5*m + 2. Let w be p(-5). Suppose 0 = z - 7 + w. Suppose 0 = n + 4*d - 16, 2*d + 13 - 39 = -z*n. What are the prime factors of n?
2
Let o = 28 - -14. List the prime factors of o.
2, 3, 7
Let t be ((-8)/20)/((-2)/20). Suppose 25 = h + t*h. List the prime factors of h.
5
What are the prime factors of (43*2)/(-2 - 24/(-9))?
3, 43
Let z = -4 - -6. What are the prime factors of z?
2
Let b = 355 - 177. List the prime factors of b.
2, 89
Suppose 21 = 5*v - 19. Suppose 3*f = -f - v. What are the prime factors of (-1 - f - -5)/1?
2, 3
Suppose 14 = 2*u + 2*y, 3*u = -5*y + 37 - 6. Suppose -u*z = z - 36. Suppose -4*i + 4*w + 54 = 6, z = -3*w. What are the prime factors of i?
2
Let z(w) = -w + 14. Let b(d) = -d**2 - 6*d + 5. Let i be b(-5). What are the prime factors of z(i)?
2
Suppose -17*a + 14*a = -474. List the prime factors of a.
2, 79
Let d be 4/5*5/2. Suppose 0 = -3*f - d*f - 25. Let p = f - -13. List the prime factors of p.
2
Let p be 1/((-10)/(-48))*5. Suppose 4*z = -8 + p. What are the prime factors of z?
2
Suppose 3*d - d = 8. Suppose i + f - 11 = 0, -d*i + f = 2*f - 41. Let l = i + 7. What are the prime factors of l?
17
Let s = -15 + 7. Let r = s - -11. Suppose -3*y + 5 = -v, 5 + r = 4*v - 5*y. List the prime factors of v.
7
Let p(n) = -n**3 - 18*n**2 + 18*n - 14. List the prime factors of p(-19).
5
Suppose a = -y + 118 + 71, 0 = -4*y + 4*a + 788. Suppose 5*i + 58 = y. What are the prime factors of i?
3
Let b(h) = 32*h - 2. What are the prime factors of b(1)?
2, 3, 5
Let y(a) = 13*a**2 + 7*a - 11. What are the prime factors of y(3)?
127
Suppose 2*v + 108 = -2*v. What are the prime factors of v/(-6)*12/3?
2, 3
Let p = -11 + 23. Let s = p + -18. Let i(k) = -k**3 - 6*k**2 + 4. List the prime factors of i(s).
2
Su